n + 2*n + 3. What is the remainder when 3 is divided by n?
0
Suppose -19 + 4 = 5*r + 4*a, -3*r + 3*a + 18 = 0. What is the remainder when ((-12)/(-9))/((-2)/(-3)) is divided by r?
0
Let s = 93 - 65. Calculate the remainder when s is divided by 6*(-1)/2 - -13.
8
Let k be 5 + 0 + 0 + -1. Suppose 0 = k*m + 2*m - 210. Calculate the remainder when m is divided by 19.
16
Suppose 5*x - 6 = 4. Suppose 7 = x*z + 33. Let k = -9 - z. What is the remainder when 7 is divided by k?
3
Suppose -5*k = -4*l + 83, -4*k - 97 = -9*l + 4*l. Suppose 5*j - 149 = 101. Calculate the remainder when j is divided by l.
16
Suppose -2*h + 3*v + 28 = 0, -75 = -2*h - 3*h + 5*v. What is the remainder when 50 is divided by h?
16
Let n = -41 - 8. Let q = -12 - n. Calculate the remainder when q is divided by 13.
11
Suppose -3 = -3*n - g + 1, -3*n + 4*g = -29. Suppose b = -5*k + 178, 0*b - n*b + 44 = k. Calculate the remainder when k is divided by (-2)/(-7) + (-164)/(-14).
11
Calculate the remainder when 13 is divided by 23/7 + 20/(-70).
1
Suppose 8 = -2*j - 0*j, 5*k + 10 = -5*j. Calculate the remainder when 12 is divided by (1/k + 2)*2.
2
Let p be 21*(-15 - 0)/(-3). Let k = p + -75. What is the remainder when k is divided by 2/7 - 550/(-35)?
14
Let u = 13 + 0. Calculate the remainder when 38 is divided by u.
12
Let k(b) = -b**3 - b + 8. Let m be k(0). Let v(c) be the first derivative of 3*c**2/2 - 3*c - 2. What is the remainder when 62 is divided by v(m)?
20
Calculate the remainder when (-31)/(-1) + (-2 - 0) is divided by (0 + -25)*18/(-45).
9
Suppose -3*w = -0*w - 5*q - 110, -3*q - 162 = -5*w. Suppose 3*h - k + 5*k = -16, w = -5*h - 5*k. What is the remainder when 37/7 - h/(-28) is divided by 2?
1
Let f = 42 + -30. Suppose 3*w - f + 3 = 0. What is the remainder when 5 is divided by w?
2
What is the remainder when (-81)/(-6) - 1/2 is divided by (4/(-10))/(6/(-45))?
1
Let q(c) = c + 1. Let m be q(3). Suppose v = -m*v + 45. What is the remainder when v is divided by 4?
1
Let h = -5 + 7. Let y be (8/4)/(h/68). Suppose 2*b + 5*q = 20, 4*b + 6 = q + y. Calculate the remainder when 28 is divided by b.
13
Let f = -141 + 75. Let m = f + 121. What is the remainder when m is divided by 19?
17
Calculate the remainder when (0 + 17/3)/(1/9) is divided by 15.
6
Suppose 840 = 4*i + i. Suppose 2*p = -g + 4*g + 62, -4*p - 5*g = -i. Suppose -2*o + 1 = -5*c - p, -2*c = o - 10. What is the remainder when o is divided by 8?
6
Let n(r) = 7*r + 4 + r + 9. Let i be n(9). Suppose -6*y + i = -y. What is the remainder when 49 is divided by y?
15
Let k be 2 - 5 - -2*1. Let j = k - -5. Suppose 2*o + 6 = 4*o. Calculate the remainder when j is divided by o.
1
Let j = -77 - -143. Let i = j + -33. What is the remainder when i is divided by 17?
16
Let a = -310 + 461. What is the remainder when a is divided by 17?
15
Suppose 2*z + 5*s + 82 = 6*z, 3*z - 58 = 2*s. Let m = z - 12. What is the remainder when 9 is divided by m?
3
Suppose 2*x - 9 = 13. What is the remainder when 20 is divided by x?
9
Suppose v - 10 = 3*v. Let p be (-7)/((-9)/6 + 1). Let b = v + p. Calculate the remainder when b is divided by 5.
4
Suppose -2*s = -4*s + 30. Let u = 29 - 20. What is the remainder when s is divided by u?
6
Suppose 12*z - 3*z - 1044 = 0. What is the remainder when z is divided by 24?
20
Suppose -2*t + 5*h = -70, 3*t - 5*t = -3*h - 62. Calculate the remainder when 149 is divided by t.
24
Let z(l) = -11*l - 2. Calculate the remainder when 32 is divided by z(-1).
5
Calculate the remainder when 1/1 + (6 - (1 - 34)) is divided by 22.
18
Let b(d) = -1 + 0*d**2 + 2*d**2 - 4 + 4*d. Suppose 3 = m + a, -a - 3 = -0. Calculate the remainder when b(-4) is divided by m.
5
Let u(n) = -n**2 - 9*n. Let h be u(-14). Let t = -35 - h. What is the remainder when t is divided by 12?
11
Suppose 7 = -2*w + 95. Let g = -80 + 103. Calculate the remainder when w is divided by g.
21
Let k = -260 - -281. What is the remainder when (82/(-6))/((-1)/3) is divided by k?
20
What is the remainder when (-2)/(-4) - (-3575)/110 is divided by (12/(-10))/((-1)/10)?
9
Let h = 124 - 74. Calculate the remainder when h is divided by ((-6)/(-9))/((-10)/(-195)).
11
Let x = -6 + 13. Let y(p) = p**2 - 5*p - 7. Let j be y(6). What is the remainder when x is divided by 4/(-2)*2/j?
3
Let k(u) = -u**2 + 10*u + 6. Calculate the remainder when k(7) is divided by 10.
7
Let k(w) = 52*w**2 - 2*w + 1. What is the remainder when k(1) is divided by 26?
25
Suppose 1 + 10 = s. Calculate the remainder when 54 is divided by s.
10
Suppose -154 = -5*j + 291. Calculate the remainder when j is divided by 9.
8
Let t(c) = 3*c - 5. Let w(o) be the second derivative of o**4/12 + o**3/6 + 13*o**2/2 + 2*o. Calculate the remainder when w(0) is divided by t(4).
6
Let h(s) = -s**2 + 6*s - 1. Let w be ((-4)/(-6))/((-4)/(-30)). Calculate the remainder when 7 is divided by h(w).
3
Let d be (-6)/15*(-64 + -1). Suppose 0 = -2*c + 4*c - d. What is the remainder when c is divided by 4?
1
Let b(u) = -11*u - 7. Calculate the remainder when b(-5) is divided by 17.
14
Suppose -4*a - 8 = -48. Calculate the remainder when a is divided by 6.
4
Let u be (2 - 19)*(-7)/1. Suppose -19 = 4*m - u. Calculate the remainder when m is divided by 13.
12
Let g = 3 - -1. Suppose -3*o = -g*o + 8. What is the remainder when 30 is divided by o?
6
What is the remainder when 35 is divided by (6/8)/(-4*2/(-128))?
11
Let h(d) = 69*d**2 + 1. Let a = 321 + -201. Suppose 4*w + 3*n - 96 = 0, 9*w - n = 4*w + a. What is the remainder when h(1) is divided by w?
22
Suppose 26*f = 24*f + 44. What is the remainder when f is divided by 5?
2
Let i = 5 - 3. What is the remainder when 5 is divided by (3/i)/((-6)/(-16))?
1
Let q(g) = 2*g - 1 + 0*g + 3*g**2 + 2*g**2 - 4*g. Let b be q(2). Suppose -15 = -5*n + b. Calculate the remainder when 16 is divided by n.
4
Let q(o) = 4*o + 10. Let a be q(-8). Let s = 10 + -1. Calculate the remainder when s is divided by 8/(-16) + a/(-4).
4
Suppose -2*v + 5*v = -3. Let c = v + 7. Calculate the remainder when 23 is divided by c.
5
Suppose -2*o + 6*o - 184 = 0. Let m be 4/10 - (-69)/15. Suppose -m*w + 96 = -w. Calculate the remainder when o is divided by w.
22
Let j(v) = 3*v**2 + v + 4. Suppose 3*f + 2*f = -40. Let u = f - -5. What is the remainder when j(u) is divided by 15?
13
Let u(x) = -44*x**3 - 4*x**2 - 5*x - 1. Calculate the remainder when u(-1) is divided by 29.
15
Let f = 12 + -9. Suppose -f*m + 8 = -10. Calculate the remainder when m is divided by 4.
2
Suppose 2*c = 2*r + 3*r - 81, 0 = 3*r + 4*c - 59. Calculate the remainder when 44 is divided by r.
10
Suppose q = -0*q - 2*n - 72, 0 = -3*q + 5*n - 205. Let f(o) = 2*o**2 + 5*o. Calculate the remainder when f(-4) is divided by 5/(-2)*q/25.
5
Suppose -2*v = 4*v - 234. Calculate the remainder when 75 is divided by v.
36
Let l be ((-2)/4)/(4/(-16)). Suppose -3*r + 19 = -l*f, -5*f = -r + 6*r - 15. Suppose -r*x + 102 + 208 = 0. Calculate the remainder when x is divided by 16.
14
What is the remainder when 46 is divided by (-6)/36*-3*(0 + 34)?
12
Let l(t) = 2*t**2 - 2*t - 6. Suppose 3*o + 3*k = -k - 12, 0 = -4*o - 5*k - 16. Let j = 34 + -16. Calculate the remainder when l(o) is divided by j.
16
Suppose -3*h + 2*f = -2*h, 5*f = h + 3. Let t(w) = -w - 2*w + 4*w - 2*w - 4 + w**h. What is the remainder when 15 is divided by t(4)?
7
Let c(g) = -g + 1. Let h(t) = -t**3 - 4*t**2 - 2*t + 1. Let v be h(-2). Let x = v + -2. What is the remainder when 10 is divided by c(x)?
4
Suppose 83 = 3*f + 26. Let g = 11 - 6. What is the remainder when f is divided by g?
4
Let a = 312 + -300. Suppose -21 = -t + 4*l, -l = t - 3*t + 42. Calculate the remainder when t is divided by a.
9
Suppose 12*i - 44 = 10*i. What is the remainder when 62 is divided by i?
18
Let w = 3 - -10. Calculate the remainder when 35 is divided by w.
9
Suppose -62 = 5*t - 197. What is the remainder when 80 is divided by t?
26
Let d(s) = s**2 + 4*s - 5. Suppose 1 = -5*i - 29. What is the remainder when 11 is divided by d(i)?
4
Calculate the remainder when 1*-4 + 39 + 2/(-2) is divided by 13.
8
Suppose -18 = -4*v + 2*h, -2*h = -v + 2*h + 8. Let q = -7 + 5. Calculate the remainder when ((-12)/10)/(q/10) is divided by v.
2
Let k = -4 - -39. Let d = 4 - -5. Calculate the remainder when k is divided by d.
8
Let r